{"id":29,"date":"2024-08-25T10:33:31","date_gmt":"2024-08-25T08:33:31","guid":{"rendered":"http:\/\/localhost\/grazia\/?page_id=29"},"modified":"2025-03-05T13:07:39","modified_gmt":"2025-03-05T12:07:39","slug":"ueber-uns","status":"publish","type":"page","link":"https:\/\/www.hak-feldbach.at\/grazia\/ueber-uns\/","title":{"rendered":"\u00dcber uns"},"content":{"rendered":"\n<div class=\"wp-block-group has-global-padding is-layout-constrained wp-block-group-is-layout-constrained\">\n<p>Wir sind die Grazia GmbH. Eine steirische \u00dcbungsfirma der HAK Feldbach.<\/p>\n\n\n\n<p>Unsere Produktpalette reicht von Elektronik \u00fcber Dekoration bis hin zu Outdoor Artikeln. In unserem breiten Sortiment ist f\u00fcr jeden etwas dabei.<\/p>\n\n\n\n<div style=\"height:20px\" aria-hidden=\"true\" class=\"wp-block-spacer\"><\/div>\n\n\n\n<div class=\"wp-block-cover\" style=\"padding-top:0;padding-right:var(--wp--preset--spacing--40);padding-bottom:0;padding-left:var(--wp--preset--spacing--40)\"><span aria-hidden=\"true\" class=\"wp-block-cover__background has-background-dim-0 has-background-dim\"><\/span><img loading=\"lazy\" decoding=\"async\" width=\"1152\" height=\"768\" class=\"wp-block-cover__image-background wp-image-33\" alt=\"\" src=\"https:\/\/www.hak-feldbach.at\/grazia\/wp-content\/uploads\/2024\/08\/ueber-uns-image.jpg\" data-object-fit=\"cover\"\/><div class=\"wp-block-cover__inner-container is-layout-flow wp-container-core-cover-is-layout-90ac91b3 wp-block-cover-is-layout-flow\">\n<div class=\"wp-block-buttons has-custom-font-size has-xx-large-font-size is-horizontal is-content-justification-left is-layout-flex wp-container-core-buttons-is-layout-06ba97eb wp-block-buttons-is-layout-flex\" style=\"margin-top:0;margin-bottom:0\">\n<div class=\"wp-block-button is-style-fill\"><a class=\"wp-block-button__link has-border-color wp-element-button\" href=\"https:\/\/www.hak-feldbach.at\/grazia\/unser-leitbild\/\" style=\"border-color:#ffffff;border-width:3px;border-radius:5px;padding-top:var(--wp--preset--spacing--10);padding-right:var(--wp--preset--spacing--30);padding-bottom:var(--wp--preset--spacing--10);padding-left:var(--wp--preset--spacing--30)\">Unser Leitbild<\/a><\/div>\n\n\n\n<div class=\"wp-block-button is-style-fill\"><a class=\"wp-block-button__link has-border-color wp-element-button\" href=\"https:\/\/www.hak-feldbach.at\/grazia\/ueber-uns\/unser-team\/\" style=\"border-color:#ffffff;border-width:3px;border-radius:5px;padding-top:var(--wp--preset--spacing--10);padding-right:var(--wp--preset--spacing--30);padding-bottom:var(--wp--preset--spacing--10);padding-left:var(--wp--preset--spacing--30)\">Unser Team<\/a><\/div>\n<\/div>\n<\/div><\/div>\n\n\n\n<div style=\"height:20px\" aria-hidden=\"true\" class=\"wp-block-spacer\"><\/div>\n<\/div>\n\n\n\n<div class=\"wp-block-group has-global-padding is-layout-constrained wp-block-group-is-layout-constrained\">\n<h2 class=\"wp-block-heading\">Nachhaltigkeit und Digitalisierung<\/h2>\n\n\n\n<p>Nachhaltigkeit ist in unserer Zeit ein besonders wichtiger Begriff, den unsere \u00dcbungsfirma auch beachtet, weshalb wir versuchen unser Unternehmen vollkommen zu digitalisiert. Bei diversen Diensten soll in Zukunft auf Papier verzichtet werden, sowie wir beispielsweise unsere Buchhaltung vollst\u00e4ndig digitalisiert haben. Auch unsere Newsletter werden bereits \u00fcber Facebook und Instagram ver\u00f6ffentlicht, womit wir nervige Briefhaufen vermeiden. Unsere Gesch\u00e4ftsbeziehungen werden durch online Meetings oder \u00fcber Social Media Kontakte gepflegt.<\/p>\n\n\n\n<p>Ein weiterer Schritt f\u00fcr mehr Nachhaltigkeit in unserem Unternehmen ist, dass wir daf\u00fcr sorgen, dass unser \u00f6konomischer Fu\u00dfabdruck so klein wie m\u00f6glich ist. Dies erzielen wir durch strengere Regulierung der Heizung, des Lichtes und der stromverbrauchenden Anlagen.<\/p>\n\n\n\n<p>Der Schritt in ein umweltfreundliches Unternehmen ist f\u00fcr uns das wichtigste Ziel!<\/p>\n\n\n\n<div style=\"height:20px\" aria-hidden=\"true\" class=\"wp-block-spacer\"><\/div>\n<\/div>\n\n\n\n<div class=\"wp-block-group has-global-padding is-layout-constrained wp-block-group-is-layout-constrained\">\n<h2 class=\"wp-block-heading\">P\u00e4dagogisches Unterrichtskonzept<\/h2>\n\n\n\n<p>Eine \u00dcbungsfirma ist ein simuliertes Unternehmen, welches die reale Gesch\u00e4ftswelt wiederspiegelt. Die \u00dcbungsfirma wird wie ein echtes Unternehmen in Abteilungen mit jeweiligen Aufgaben gegliedert.<\/p>\n\n\n\n<p>Die Mitarbeiter sind Sch\u00fcler\/innen einer kaufm\u00e4nnischen Schule, sie sollen das Gelernte zusammenfassen und praktisch anwenden k\u00f6nnen. Ziel ist es die Sch\u00fcler\/innen auf die reale Gesch\u00e4ftswelt bestm\u00f6glich vorzubereiten.<\/p>\n\n\n\n<p><strong>Rolle der Lehrer\/innen<\/strong><\/p>\n\n\n\n<p>Die Lehrerin\/der Lehrer k\u00fcmmert sich um den Ablauf und soll ein begleitender Coach f\u00fcr die Sch\u00fcler\/innen sein. Selbstst\u00e4ndigkeit, Arbeiten im Team, Probleml\u00f6sungskompetenz, Konfliktf\u00e4higkeit, wertsch\u00e4tzende Kommunikation, Kreativit\u00e4t und Reflexionsf\u00e4higkeit sollen am Lernort \u00dcFA weiterentwickelt werden. Die Aufgabe des Lehrenden besteht darin, einen Lernort zu schaffen, an dem all dies umgesetzt werden kann.<\/p>\n\n\n\n<div style=\"height:20px\" aria-hidden=\"true\" class=\"wp-block-spacer\"><\/div>\n<\/div>\n\n\n\n<div class=\"wp-block-group has-global-padding is-layout-constrained wp-block-group-is-layout-constrained\">\n<h2 class=\"wp-block-heading\"><\/h2>\n\n\n\n<p><\/p>\n\n\n\n<div style=\"height:20px\" aria-hidden=\"true\" class=\"wp-block-spacer\"><\/div>\n<\/div>\n\n\n\n<p><\/p>\n","protected":false},"excerpt":{"rendered":"<p>Wir sind die Grazia GmbH. Eine steirische \u00dcbungsfirma der HAK Feldbach. Unsere Produktpalette reicht von Elektronik \u00fcber Dekoration bis hin zu Outdoor Artikeln. In unserem breiten Sortiment ist f\u00fcr jeden etwas dabei. Nachhaltigkeit und Digitalisierung Nachhaltigkeit ist in unserer Zeit ein besonders wichtiger Begriff, den unsere \u00dcbungsfirma auch beachtet, weshalb wir versuchen unser Unternehmen vollkommen [&hellip;]<\/p>\n","protected":false},"author":1,"featured_media":0,"parent":0,"menu_order":0,"comment_status":"closed","ping_status":"closed","template":"","meta":{"footnotes":""},"class_list":["post-29","page","type-page","status-publish","hentry"],"_links":{"self":[{"href":"https:\/\/www.hak-feldbach.at\/grazia\/wp-json\/wp\/v2\/pages\/29","targetHints":{"allow":["GET"]}}],"collection":[{"href":"https:\/\/www.hak-feldbach.at\/grazia\/wp-json\/wp\/v2\/pages"}],"about":[{"href":"https:\/\/www.hak-feldbach.at\/grazia\/wp-json\/wp\/v2\/types\/page"}],"author":[{"embeddable":true,"href":"https:\/\/www.hak-feldbach.at\/grazia\/wp-json\/wp\/v2\/users\/1"}],"replies":[{"embeddable":true,"href":"https:\/\/www.hak-feldbach.at\/grazia\/wp-json\/wp\/v2\/comments?post=29"}],"version-history":[{"count":8,"href":"https:\/\/www.hak-feldbach.at\/grazia\/wp-json\/wp\/v2\/pages\/29\/revisions"}],"predecessor-version":[{"id":349,"href":"https:\/\/www.hak-feldbach.at\/grazia\/wp-json\/wp\/v2\/pages\/29\/revisions\/349"}],"wp:attachment":[{"href":"https:\/\/www.hak-feldbach.at\/grazia\/wp-json\/wp\/v2\/media?parent=29"}],"curies":[{"name":"wp","href":"https:\/\/api.w.org\/{rel}","templated":true}]}}